What is the highest common factor of 476 and 44?
4
Calculate the greatest common divisor of 4695 and 15.
15
What is the highest common divisor of 170 and 20?
10
Calculate the greatest common factor of 638 and 22.
22
What is the greatest common factor of 21 and 3633?
21
Calculate the greatest common divisor of 4809 and 63.
21
What is the highest common divisor of 64 and 176?
16
Calculate the greatest common divisor of 8 and 128.
8
What is the highest common divisor of 16 and 1064?
8
What is the greatest common factor of 240 and 432?
48
What is the highest common divisor of 407 and 11?
11
What is the greatest common divisor of 486 and 18?
18
Calculate the greatest common divisor of 600 and 690.
30
What is the greatest common divisor of 26 and 325?
13
What is the greatest common divisor of 588 and 322?
14
What is the greatest common factor of 88 and 583?
11
What is the highest common divisor of 77 and 22?
11
What is the greatest common factor of 11603 and 123?
41
Calculate the highest common factor of 169 and 507.
169
Calculate the greatest common divisor of 2975 and 700.
175
Calculate the highest common factor of 154 and 7788.
22
What is the greatest common divisor of 10769 and 178?
89
What is the highest common factor of 117 and 1976?
13
Calculate the highest common divisor of 171 and 76.
19
Calculate the highest common factor of 112 and 2128.
112
What is the highest common factor of 3190 and 30?
10
What is the greatest common divisor of 1656 and 504?
72
What is the highest common factor of 40 and 24?
8
What is the greatest common factor of 156 and 132?
12
What is the greatest common divisor of 6 and 98?
2
Calculate the highest common factor of 506 and 110.
22
What is the greatest common factor of 40 and 3140?
20
What is the greatest common factor of 16 and 248?
8
Calculate the highest common divisor of 2280 and 35.
5
Calculate the highest common divisor of 770 and 280.
70
Calculate the highest common divisor of 308 and 1408.
44
What is the greatest common factor of 2255 and 820?
205
Calculate the greatest common factor of 26 and 611.
13
What is the highest common factor of 6 and 1875?
3
What is the highest common factor of 4845 and 17?
17
Calculate the highest common factor of 76 and 516.
4
What is the greatest common divisor of 335 and 10?
5
Calculate the highest common factor of 83 and 415.
83
What is the greatest common divisor of 56 and 16?
8
Calculate the highest common factor of 154 and 1001.
77
What is the highest common factor of 24 and 2268?
12
What is the highest common divisor of 32 and 40?
8
Calculate the greatest common factor of 216 and 256.
8
What is the greatest common factor of 994 and 1136?
142
What is the highest common divisor of 6190 and 50?
10
What is the highest common divisor of 56 and 2674?
14
What is the greatest common divisor of 451 and 583?
11
Calculate the highest common factor of 46 and 529.
23
What is the greatest common factor of 28 and 518?
14
Calculate the highest common factor of 3717 and 18.
9
What is the highest common divisor of 320 and 40?
40
Calculate the greatest common divisor of 166 and 3320.
166
Calculate the greatest common divisor of 213 and 2698.
71
What is the highest common divisor of 26 and 2015?
13
What is the highest common factor of 30 and 330?
30
What is the highest common factor of 765 and 225?
45
What is the highest common divisor of 15 and 210?
15
Calculate the highest common divisor of 2964 and 24.
12
Calculate the greatest common factor of 1189 and 41.
41
What is the greatest common factor of 184 and 1012?
92
Calculate the greatest common factor of 246 and 78.
6
What is the highest common divisor of 160 and 15?
5
What is the highest common factor of 88 and 11?
11
What is the greatest common divisor of 7189 and 364?
91
What is the greatest common divisor of 111 and 185?
37
Calculate the highest common divisor of 69 and 9.
3
What is the highest common factor of 1719 and 9?
9
What is the greatest common divisor of 140 and 2030?
70
What is the greatest common factor of 245 and 35?
35
Calculate the highest common divisor of 36 and 7362.
18
Calculate the highest common factor of 2285 and 5.
5
Calculate the greatest common factor of 702 and 26.
26
Calculate the greatest common divisor of 816 and 1479.
51
Calculate the greatest common divisor of 36 and 49212.
36
What is the greatest common factor of 132 and 588?
12
What is the greatest common divisor of 25356 and 12?
12
What is the greatest common factor of 168 and 1092?
84
What is the highest common factor of 39 and 5668?
13
Calculate the highest common factor of 4730 and 86.
86
What is the greatest common factor of 56 and 308?
28
Calculate the highest common divisor of 84 and 231.
21
Calculate the highest common divisor of 28056 and 167.
167
Calculate the greatest common factor of 560 and 20.
20
Calculate the greatest common divisor of 27 and 3456.
27
Calculate the highest common divisor of 291 and 485.
97
Calculate the highest common factor of 44 and 5.
1
Calculate the greatest common factor of 97 and 14.
1
What is the greatest common factor of 3200 and 350?
50
What is the greatest common divisor of 133 and 190?
19
Calculate the greatest common divisor of 78 and 507.
39
What is the greatest common factor of 126 and 3318?
42
Calculate the greatest common factor of 208 and 13.
13
Calculate the greatest common factor of 1212 and 48.
12
What is the greatest common factor of 15 and 580?
5
What is the highest common divisor of 65 and 5759?
13
Calculate the highest common divisor of 48 and 16.
16
Calculate the highest common divisor of 87 and 9.
3
Calculate the greatest common factor of 221 and 6409.
221
What is the greatest common factor of 195 and 7215?
195
What is the greatest common divisor of 52 and 3588?
52
What is the highest common divisor of 164 and 1681?
41
What is the highest common factor of 10708 and 4?
4
What is the highest common factor of 8576 and 134?
134
What is the highest common factor of 90 and 150?
30
Calculate the greatest common factor of 22 and 638.
22
Calculate the greatest common divisor of 42 and 28.
14
What is the greatest common factor of 374 and 646?
34
Calculate the greatest common divisor of 120 and 384.
24
What is the greatest common divisor of 43 and 473?
43
What is the greatest common divisor of 1802 and 68?
34
Calculate the greatest common factor of 34 and 170.
34
Calculate the greatest common factor of 100 and 30.
10
Calculate the greatest common factor of 8164 and 52.
52
Calculate the highest common factor of 6 and 37266.
6
What is the highest common factor of 30 and 130?
10
What is the highest common factor of 475 and 19?
19
Calculate the highest common divisor of 4 and 706.
2
Calculate the greatest common divisor of 735 and 60.
15
Calculate the greatest common factor of 272 and 144.
16
Calculate the greatest common factor of 9 and 333.
9
What is the highest common divisor of 1230 and 30?
30
Calculate the greatest common factor of 26 and 1378.
26
What is the highest common factor of 746 and 1?
1
What is the greatest common divisor of 158 and 24727?
79
What is the greatest common divisor of 1 and 55?
1
What is the highest common factor of 245 and 10?
5
What is the highest common factor of 41 and 656?
41
What is the greatest common factor of 29839 and 53?
53
Calculate the highest common divisor of 54 and 3024.
54
What is the greatest common divisor of 256 and 5248?
128
What is the greatest common divisor of 196 and 1862?
98
What is the highest common divisor of 27 and 333?
9
Calculate the highest common divisor of 60 and 18.
6
Calculate the greatest common factor of 33 and 39.
3
What is the greatest common factor of 3032 and 24?
8
Calculate the highest common factor of 32 and 4.
4
What is the highest common divisor of 55 and 3905?
55
What is the highest common factor of 5193 and 9?
9
What is the highest common factor of 516 and 30?
6
Calculate the greatest common factor of 380 and 20.
20
What is the greatest common divisor of 3120 and 1716?
156
What is the highest common factor of 280 and 70?
70
Calculate the highest common factor of 88 and 1904.
8
Calculate the highest common divisor of 180 and 130.
10
What is the greatest common factor of 9381 and 530?
53
Calculate the highest common factor of 9 and 9.